mon divisor of 16 and z?
16
Let x(v) = -12*v + 30. Let l be x(2). Suppose 5*g - 8*z - 100 = -l*z, 3*g - 2*z = 64. What is the greatest common divisor of g and 6?
6
Let t(r) = 5*r**3 + 4*r**2 - 5*r + 4. Let d be t(2). Let j = 4 + -2. Suppose j*b = -4*b + 60. What is the highest common divisor of d and b?
10
Let v(l) = l**2 - l - 4. Let n be v(3). Suppose 0 = -n*s - 5*u + 83, -5*s + 2*u = -328 + 48. Calculate the greatest common factor of 432 and s.
54
Let j = 1240 + -1050. What is the highest common divisor of 513 and j?
19
Let r(c) = 3*c + 6. Let j be r(-4). Let h be (-172)/(-7) + j/(-14). Let x be 4 + 2 - (-179)/(-179). Calculate the highest common divisor of h and x.
5
Let q(u) = -487*u + 21. Let t be q(-2). Suppose 1001*k - 288 = t*k. What is the highest common divisor of 12 and k?
12
Suppose -38*a + 6 = -37*a. Let t be a/(-51) + 1455/85. Suppose 3*v = -4*u + 675, v - u - 2*u = 212. Calculate the greatest common divisor of v and t.
17
Let u be (-39)/(-9)*(6 - 21). Let n = -56 - u. Suppose 5*t - 2*b - 46 = t, -5*b - 7 = -t. Calculate the highest common factor of t and n.
3
Let v be (-518)/(-259)*((-1)/1 - (-254)/4). Calculate the highest common factor of v and 55.
5
Let t be (-230)/(-4)*(-4 + (-36)/(-6)). Suppose d - 2 = 0, -4*d - 174 = -3*q + t. Calculate the highest common factor of q and 22.
11
Suppose -104*l - 56*l + 38*l = -14640. Calculate the greatest common divisor of l and 300.
60
Let s(q) = 10*q**2 - 3*q + 282. Let l be s(22). Calculate the highest common divisor of 474 and l.
158
Suppose -5 = 3*y + 2*p, -3*y + 2*p + 3*p = 19. Let t = -2 - y. Let i be t*((124 - 2) + -5). What is the greatest common factor of i and 9?
9
Let g = 90 + 175. Let c = -243 + g. What is the highest common factor of c and 55?
11
Suppose -38*j - 912 = -71*j + 1266. Calculate the greatest common factor of j and 2662.
22
Let m(g) = -g**2 + 9*g - 20. Let d be m(4). Suppose 3*f + d = 6. Let i(z) = 2*z**2 - 2*z + 4. Let k be i(f). What is the highest common factor of k and 8?
8
Let j = 4379 - 4364. What is the greatest common divisor of 17190 and j?
15
Let k = -779 - -2182. What is the highest common divisor of k and 549?
61
Suppose 30 = o + 2*h, -5*o + 61 = -h - 100. Suppose -5*b = o*b - 370. What is the highest common divisor of 110 and b?
10
Let z = -190 + 316. Let x be (6/(-24))/((-2)/80*2). Suppose b - 44 - 44 = -c, -b = x*c - 424. Calculate the greatest common divisor of z and c.
42
Let g = 31 - -33. Let c be -1 + -4 + 5 + 3. Suppose 0 = -c*s + 5*s - 16. Calculate the greatest common factor of g and s.
8
Suppose 0 = 62*p - 46*p - 53328. What is the greatest common divisor of 66 and p?
33
Let t = -15 - -27. Let f(l) = 2*l**3 - 26*l**2 + 35*l - 120. Let h be f(12). Calculate the highest common factor of h and t.
12
Suppose -7 = -a + 2. Suppose 9*f = 8*f + 3*l - 15, 4*l - 20 = 4*f. Suppose -4*c = 17 - 5, 4*m - 3*c - 57 = f. What is the greatest common divisor of a and m?
3
Let j = -227 + 403. Let o = 374 - j. Calculate the highest common factor of o and 54.
18
Let z(b) = 11*b + 2*b**3 - 5*b**3 - 4*b**2 + 2*b**3 + b**2. Let t be z(-5). Let x be (t - 1/(-1))/((-8)/36). What is the highest common factor of x and 72?
18
Suppose 3*b = -f + 2441, 3236 = 4*b - 18*f + 22*f. What is the greatest common divisor of 60 and b?
12
Let k be ((-55)/(-33))/(9 + (-432824)/48096). What is the highest common divisor of 336 and k?
12
Let y(t) = -2*t**3 - 6*t**2 + 7*t + 2. Let p be y(-4). Let h(q) = 14*q**2 - 78*q - 2. Let x be h(p). Calculate the highest common factor of x and 51.
17
Let c = 26220 - 25930. What is the highest common factor of c and 12?
2
Let o = 22247 - 19307. Calculate the greatest common divisor of o and 96.
12
Suppose 5*p - 208 = 3*u, -3*p = 3*u - 6*u - 126. Suppose 4*a - 5*a = q - 56, -4*q = -a + p. Let m = -20 + a. What is the highest common divisor of 22 and m?
11
Let t = -463 - -442. Let o(n) = -59*n + 9. Let f be o(t). What is the highest common divisor of 12 and f?
12
Let t be 8*(-31273)/(-154) - 3/21*-3. What is the greatest common divisor of t and 39?
13
Let m = 16256 - 15736. What is the greatest common divisor of m and 100?
20
Suppose 22 = -2*k + 122. Let d(r) be the first derivative of 139*r**3/3 - 6*r**2 - 30*r - 163. Let i be d(-2). What is the greatest common factor of i and k?
50
Let x(d) = -d**3 + 23*d + 50. Let a be x(5). Calculate the highest common divisor of a and 1130.
10
Suppose 0 = 3*w - 2*l - 4729, 85*l = -5*w + 89*l + 7885. What is the highest common divisor of 484 and w?
121
Suppose 6*h - 81*h = h - 2204. What is the highest common factor of 58 and h?
29
Let w = -28 - -34. Let a be -4 + 3 + w/(-8)*-4. Suppose q + 5*b = -a*q + 812, -5*q - b = -1324. Calculate the greatest common factor of q and 33.
33
Suppose 0 = n - 4*a + 11, n + n + 2*a = 28. Let o = 35 - n. Let q(z) = z**3 + 7*z**2 + 3*z + 34. Let k be q(-6). What is the greatest common divisor of k and o?
26
Suppose -4*y = -2*h - 310, -4*h + 4 = -2*y + 162. Calculate the highest common divisor of y and 280.
7
Let n be 34 + 7 + -12 + 0. Let l(o) = 114 - 2*o**3 - 2*o + 31 + o**3 + 4*o. Let v be l(0). Calculate the greatest common divisor of v and n.
29
Let j(v) = -382*v - 375. Let s be j(-6). Calculate the greatest common divisor of 2769 and s.
213
Let q be (-100)/25 - (-1 - 28*-25). Let t = -625 - q. Calculate the highest common factor of t and 507.
39
Let b = 202 - 138. Let i be ((-6)/5)/((-28)/350). Suppose -5*j + 3*j - 5*t = -41, i = 3*t. What is the highest common divisor of b and j?
8
Suppose 397*c = 391*c + 4686. Suppose -5*y = -3*p - 349, -p + 286 = -0*y + 4*y. Calculate the greatest common divisor of c and y.
71
Suppose 5*t - 8*b = -7*b + 175, 2*t - 70 = -b. Let z(l) = -l + 12. Let v be z(7). What is the highest common divisor of v and t?
5
Let n(f) = -2*f**2 + 38*f + 309. Let t be n(-6). Calculate the greatest common factor of 9630 and t.
9
Suppose 0 = -2*t + 2*c + 12, -t - 5*c = 3*t + 12. Let b(q) = 29*q**t + 39 + 31 + q - 73. Let p be b(2). Calculate the greatest common divisor of p and 23.
23
Let i be (-430)/(-16) - (-324)/288. What is the highest common divisor of 105 and i?
7
Suppose 16*x - 12 = 4. Let h be 480 - (2 + (-1 - x) + -3). Calculate the highest common divisor of 21 and h.
21
Suppose i - 70 - 63 = 5*o, 0 = 2*o - 8. Calculate the highest common factor of 711 and i.
9
Let g = -49 + 49. Suppose 0*n + 2*n = g. Suppose -2*d - 3*d = 5*x - 5, -4*x + 4*d + 12 = n. Calculate the greatest common divisor of 18 and x.
2
Let o(r) = 17*r**2 - 20*r + 6. Let d(b) = -6*b**3 - b**2 + 5*b - 3. Let q be d(1). Let m be o(q). What is the greatest common divisor of 9 and m?
9
Suppose -10*w = -4*w. Let b be ((-501)/(-3) - (-1 - w)) + -3. Calculate the greatest common divisor of b and 30.
15
Let j be ((-16)/(-14))/(637/8918). Calculate the highest common factor of 14128 and j.
16
Let f be 5/(1 + 0) - (3 + -6). Let j be (897/92)/(3/f). Calculate the greatest common factor of j and 65.
13
Suppose -122*u + 164305 = -351023. What is the greatest common factor of 16 and u?
16
Let l(i) = 12*i + 74. Let w(x) = 7*x + 36. Let a(v) = 3*l(v) - 5*w(v). Let n be a(12). What is the highest common divisor of n and 234?
18
Let h(w) be the second derivative of 2*w**3/3 + w**2 + 8*w. Let b be h(10). Let r be (b/6)/(1/11). Calculate the highest common divisor of r and 11.
11
Let n be (0 - -34)*(-9)/(-2). Suppose 2*z = -4*i + 158, 1 = -2*i + z + 74. Suppose -i*m + 39*m = 17. Calculate the greatest common factor of m and n.
17
Suppose -3*c = -7833 - 3720. Suppose -8*w + c - 51 = 0. Calculate the greatest common divisor of w and 285.
95
Suppose 196*v + 45*v - 48406 - 101978 = 0. Suppose 2*g = -3*u + 80, 4*u - 3*g = 48 + 36. Calculate the greatest common factor of v and u.
24
Suppose 3*i - 8 = -2. Suppose -5*z + 0*s = s + i, 9 = 3*s. Let q(y) = -16*y - 2. Let m be q(z). What is the highest common divisor of 140 and m?
14
Let h(n) = 5*n**2 + 123*n + 592. Let m be h(-5). Calculate the highest common divisor of m and 2176.
34
Let v = 82 + -82. Suppose -2*g - 2*g = v. Suppose 2*p = 3*w - 118, -w + 4*w + 3*p - 93 = g. What is the greatest common divisor of w and 216?
36
Suppose 3*b + 27 = -t + 50, 4*t = 4*b + 76. Calculate the highest common factor of 5380 and t.
20
Let z(s) = 3*s**2 - 189*s + 753. Let i be